3
What is the remainder when 379814 is divided by 117?
32
What is the remainder when 12675584 is divided by 35?
19
Calculate the remainder when 4796406 is divided by 596.
394
Calculate the remainder when 497477 is divided by 2795.
2762
What is the remainder when 52465211 is divided by 2914733?
17
What is the remainder when 14191561 is divided by 4018?
4003
Calculate the remainder when 293648 is divided by 660.
608
What is the remainder when 34335658 is divided by 346?
2
What is the remainder when 124261 is divided by 41183?
712
Calculate the remainder when 212269 is divided by 7055.
619
Calculate the remainder when 484749 is divided by 183.
165
Calculate the remainder when 24594 is divided by 1177.
1054
What is the remainder when 835909 is divided by 35?
4
Calculate the remainder when 22817325 is divided by 19.
16
Calculate the remainder when 33917278 is divided by 6783454.
8
Calculate the remainder when 9027005 is divided by 33.
20
What is the remainder when 788840 is divided by 1049?
1041
Calculate the remainder when 4631835 is divided by 1543922.
69
Calculate the remainder when 82820535 is divided by 39665.
15
Calculate the remainder when 1390968 is divided by 632.
568
Calculate the remainder when 4155441 is divided by 17.
12
What is the remainder when 1165580 is divided by 703?
6
What is the remainder when 9985672 is divided by 101893?
158
What is the remainder when 35012500 is divided by 37287?
7
What is the remainder when 11664 is divided by 349?
147
What is the remainder when 1004589 is divided by 603?
594
What is the remainder when 1617467 is divided by 2222?
2073
Calculate the remainder when 23543634 is divided by 885.
864
What is the remainder when 97690 is divided by 1683?
76
Calculate the remainder when 12265339 is divided by 4563.
4558
Calculate the remainder when 304199997 is divided by 39.
36
Calculate the remainder when 500795 is divided by 103.
9
Calculate the remainder when 16281752 is divided by 22.
14
What is the remainder when 2662049 is divided by 86?
5
Calculate the remainder when 559237 is divided by 1132.
29
What is the remainder when 54033643 is divided by 1286515?
13
What is the remainder when 27765032 is divided by 433828?
40
Calculate the remainder when 258928 is divided by 108.
52
Calculate the remainder when 1230016 is divided by 1288.
1264
Calculate the remainder when 15833480 is divided by 753972.
68
What is the remainder when 777549 is divided by 777499?
50
Calculate the remainder when 2184289 is divided by 2727.
2689
What is the remainder when 166791 is divided by 164657?
2134
What is the remainder when 120651083 is divided by 12065107?
13
Calculate the remainder when 528119 is divided by 523.
412
Calculate the remainder when 18617658 is divided by 1810.
1808
Calculate the remainder when 342399 is divided by 1732.
1195
What is the remainder when 1682297 is divided by 1136?
1017
What is the remainder when 31820 is divided by 2891?
19
Calculate the remainder when 3705395 is divided by 43.
42
What is the remainder when 107287 is divided by 35760?
7
Calculate the remainder when 41997045 is divided by 58.
57
What is the remainder when 6913719 is divided by 440?
439
What is the remainder when 33048171 is divided by 373?
371
Calculate the remainder when 10157946 is divided by 376220.
6
What is the remainder when 7956569 is divided by 134857?
6
What is the remainder when 206354 is divided by 187?
93
Calculate the remainder when 322993 is divided by 16995.
88
Calculate the remainder when 303194845 is divided by 127.
125
Calculate the remainder when 16429491 is divided by 619.
612
What is the remainder when 18593 is divided by 8995?
603
Calculate the remainder when 431301 is divided by 143764.
9
Calculate the remainder when 1390406 is divided by 12303.
167
What is the remainder when 80180 is divided by 1848?
716
Calculate the remainder when 738356 is divided by 38860.
16
Calculate the remainder when 98576 is divided by 532.
156
Calculate the remainder when 5300263 is divided by 8908.
3
What is the remainder when 153045 is divided by 1319?
41
What is the remainder when 202528 is divided by 11236?
280
What is the remainder when 37984135 is divided by 810?
805
Calculate the remainder when 3981 is divided by 1808.
365
Calculate the remainder when 133287 is divided by 20.
7
What is the remainder when 3105338 is divided by 358?
46
Calculate the remainder when 120240 is divided by 2217.
522
Calculate the remainder when 5952685 is divided by 42.
25
What is the remainder when 441372 is divided by 110283?
240
Calculate the remainder when 778153 is divided by 27.
13
What is the remainder when 722475 is divided by 9548?
6375
What is the remainder when 7527068 is divided by 1238?
28
Calculate the remainder when 775633 is divided by 22806.
229
Calculate the remainder when 7663473 is divided by 825.
48
What is the remainder when 27375958 is divided by 42?
22
Calculate the remainder when 9626905 is divided by 1439.
1434
What is the remainder when 38767 is divided by 3384?
1543
What is the remainder when 11344344 is divided by 1898?
1896
Calculate the remainder when 792505 is divided by 4452.
49
Calculate the remainder when 589467 is divided by 423.
228
Calculate the remainder when 31314895 is divided by 4473552.
31
Calculate the remainder when 75712 is divided by 688.
32
What is the remainder when 12700 is divided by 702?
64
What is the remainder when 4551282 is divided by 56?
50
Calculate the remainder when 30555495 is divided by 954859.
7
What is the remainder when 17134883 is divided by 117?
116
What is the remainder when 62194 is divided by 239?
54
What is the remainder when 390026 is divided by 1445?
1321
What is the remainder when 189480674 is divided by 25?
24
Calculate the remainder when 30817 is divided by 15379.
59
Calculate the remainder when 368750212 is divided by 171.
169
What is the remainder when 6243647 is divided by 21?
11
Calculate the remainder when 116264 is divided by 18648.
4376
Calculate the remainder when 2471520 is divided by 9222.
24
Calculate the remainder when 618672 is divided by 1122.
450
Calculate the remainder when 231938 is divided by 47.
40
What is the remainder when 427537 is divided by 8907?
1
What is the remainder when 7633024 is divided by 333?
331
Calculate the remainder when 14048 is divided by 984.
272
Calculate the remainder when 66745963 is divided by 185.
183
What is the remainder when 43391318 is divided by 2034?
2030
Calculate the remainder when 44513725 is divided by 2655.
2650
Calculate the remainder when 85546570 is divided by 316.
314
What is the remainder when 8085487 is divided by 76?
75
What is the remainder when 246717 is divided by 81696?
1629
Calculate the remainder when 105773 is divided by 327.
152
Calculate the remainder when 3565 is divided by 161.
23
Calculate the remainder when 27436 is divided by 3357.
580
What is the remainder when 1776742 is divided by 227?
13
Calculate the remainder when 63810 is divided by 31778.
254
Calculate the remainder when 162614 is divided by 27091.
68
Calculate the remainder when 33344 is divided by 285.
284
What is the remainder when 506365 is divided by 526?
353
What is the remainder when 1398862 is divided by 4291?
4287
Calculate the remainder when 583 is divided by 246.
91
Calculate the remainder when 16877075 is divided by 50.
25
Calculate the remainder when 318819849 is divided by 815.
814
What is the remainder when 15194766 is divided by 7586?
8
What is the remainder when 530460 is divided by 114?
18
Calculate the remainder when 797278 is divided by 1240.
1198
Calculate the remainder when 55959466 is divided by 9.
4
Calculate the remainder when 15308 is divided by 1093.
6
Calculate the remainder when 1298495 is divided by 8.
7
Calculate the remainder when 81889217 is divided by 31.
20
Calculate the remainder when 2774469 is divided by 32261.
23
Calculate the remainder when 14214618 is divided by 516.
366
Calculate the remainder when 11722732 is divided by 85.
42
What is the remainder when 54412 is divided by 2911?
2014
What is the remainder when 18066419 is divided by 152?
3
Calculate the remainder when 13138 is divided by 3655.
2173
What is the remainder when 60342404 is divided by 10345?
19
What is the remainder when 519348 is di